{"id":1562,"date":"2022-01-24T13:56:42","date_gmt":"2022-01-24T12:56:42","guid":{"rendered":"https:\/\/gottardo.ch\/perimetro\/goms\/"},"modified":"2022-03-10T14:36:42","modified_gmt":"2022-03-10T13:36:42","slug":"goms","status":"publish","type":"page","link":"https:\/\/gottardo.ch\/it\/perimetro\/goms\/","title":{"rendered":"Goms"},"content":{"rendered":"\t\t<div data-elementor-type=\"wp-page\" data-elementor-id=\"1562\" class=\"elementor elementor-1562 elementor-94\" data-elementor-post-type=\"page\">\n\t\t\t\t\t\t\t\t\t<section class=\"elementor-section elementor-top-section elementor-element elementor-element-927e88b elementor-section-boxed elementor-section-height-default elementor-section-height-default\" data-id=\"927e88b\" data-element_type=\"section\" data-settings=\"{&quot;background_background&quot;:&quot;classic&quot;}\">\n\t\t\t\t\t\t<div class=\"elementor-container elementor-column-gap-default\">\n\t\t\t\t\t<div class=\"elementor-column elementor-col-50 elementor-top-column elementor-element elementor-element-6184e32\" data-id=\"6184e32\" data-element_type=\"column\">\n\t\t\t<div class=\"elementor-widget-wrap elementor-element-populated\">\n\t\t\t\t\t\t\t\t<div class=\"elementor-element elementor-element-3140a6f elementor-widget elementor-widget-heading\" data-id=\"3140a6f\" data-element_type=\"widget\" data-widget_type=\"heading.default\">\n\t\t\t\t<div class=\"elementor-widget-container\">\n\t\t\t<h1 class=\"elementor-heading-title elementor-size-default\">Goms<\/h1>\t\t<\/div>\n\t\t\t\t<\/div>\n\t\t\t\t<div class=\"elementor-element elementor-element-5ef56db elementor-widget elementor-widget-text-editor\" data-id=\"5ef56db\" data-element_type=\"widget\" data-widget_type=\"text-editor.default\">\n\t\t\t\t<div class=\"elementor-widget-container\">\n\t\t\t\t\t\t\t<p>Confrontando la superficie di 650 km<sup>2<\/sup> e la popolazione di sole 4&#8217;800 persone, il Goms risulta essere molto grande. Tuttavia, gran parte del territorio \u00e8 occupata da montagne, ghiacciai (tra gli altri quello dell&#8217;Aletsch, il pi\u00f9 lungo delle Alpi) e altre superfici non produttive. Nella valle principale plasmata dal ghiacciaio del Rodano si trova la maggior parte gli insediamenti e delle vie di comunicazione. La strada intercantonale che parte da Briga valica i passi alpini del Grimsel, della Furka e della Novena. Grazie alla galleria di base della Furka, dal 1982 la regione del Goms \u00e8 collegata direttamente anche in inverno alla Svizzera centrale e nord-orientale (ad es Zurigo) con la Matterhorn Gotthard-Bahn. Delle numerose valli laterali, in parte molto scoscese, solo la valle di Binn e la valle di Fiesch sono abitate tutto l&#8217;anno. I villaggi si trovano a un&#8217;altitudine compresa tra i 1&#8217;000 (Grengiols) e i 1&#8217;600 metri sul mare (Bellwald).<\/p><p>La regione del Goms comprende 9 comuni politici indipendenti. Per via delle sue dimensioni e della posizione, nonch\u00e9 dell&#8217;importanza turistica, Fiesch \u00e8 il centro della regione del Goms. Tra il 1980 e il 2000 la popolazione della regione del Goms \u00e8 aumentata di oltre il dieci per cento. Tuttavia, da allora si constata un calo della popolazione.<\/p><p>Circa il 25 per cento dello popolazione \u00e8 attivo nel settore dell&#8217;artigianato e dell&#8217;industria. Quasi il 65 per cento delle persone attive professionalmente oggi lavora nel settore dei servizi, ossia principalmente nel turismo. Meno del dieci per cento della popolazione lavora ancora oggi nell&#8217;economia agricola e forestale. <\/p><p>Negli ultimi 50 anni la regione del Goms ha vissuto un cambiamento radicale della struttura economica. Nel 1960 il 61 per cento delle persone attive professionalmente lavorava ancora nel settore agricolo. Contemporaneamente a questo cambiamento, nell&#8217;ultimo terzo del XX secolo nei settori secondario e terziario sono state registrate le quote di crescita dei posti di lavoro maggiori di tutte le regioni di montagna svizzere. Il motivo principale consiste nello sfruttamento pi\u00f9 intenso del potenziale turistico della regione del Goms. L&#8217;importanza del turismo si riscontra anche nel numero di pernottamenti: ogni anno nella regione del Goms vengono registrati circa 1 milioni di pernottamenti. Ci\u00f2 corrisponde a quasi il quindici per cento dei pernottamenti del Cantone del Vallese.<\/p>\t\t\t\t\t\t<\/div>\n\t\t\t\t<\/div>\n\t\t\t\t\t<\/div>\n\t\t<\/div>\n\t\t\t\t<div class=\"elementor-column elementor-col-50 elementor-top-column elementor-element elementor-element-b2f280a\" data-id=\"b2f280a\" data-element_type=\"column\">\n\t\t\t<div class=\"elementor-widget-wrap elementor-element-populated\">\n\t\t\t\t\t\t\t\t<div class=\"elementor-element elementor-element-712f451 elementor-widget elementor-widget-image\" data-id=\"712f451\" data-element_type=\"widget\" data-widget_type=\"image.default\">\n\t\t\t\t<div class=\"elementor-widget-container\">\n\t\t\t\t\t\t\t\t\t\t\t\t\t\t\t<img loading=\"lazy\" decoding=\"async\" width=\"500\" height=\"637\" src=\"https:\/\/gottardo.ch\/wp-content\/uploads\/2022\/03\/san_gottardo_goms_icon.png\" class=\"attachment-large size-large wp-image-2080\" alt=\"\" srcset=\"https:\/\/gottardo.ch\/wp-content\/uploads\/2022\/03\/san_gottardo_goms_icon.png 500w, https:\/\/gottardo.ch\/wp-content\/uploads\/2022\/03\/san_gottardo_goms_icon-235x300.png 235w\" sizes=\"auto, (max-width: 500px) 100vw, 500px\" \/>\t\t\t\t\t\t\t\t\t\t\t\t\t\t\t<\/div>\n\t\t\t\t<\/div>\n\t\t\t\t\t<\/div>\n\t\t<\/div>\n\t\t\t\t\t\t\t<\/div>\n\t\t<\/section>\n\t\t\t\t<section class=\"elementor-section elementor-top-section elementor-element elementor-element-66d5d01 elementor-section-boxed elementor-section-height-default elementor-section-height-default\" data-id=\"66d5d01\" data-element_type=\"section\">\n\t\t\t\t\t\t<div class=\"elementor-container elementor-column-gap-default\">\n\t\t\t\t\t<div class=\"elementor-column elementor-col-100 elementor-top-column elementor-element elementor-element-f30a7af\" data-id=\"f30a7af\" data-element_type=\"column\">\n\t\t\t<div class=\"elementor-widget-wrap elementor-element-populated\">\n\t\t\t\t\t\t\t\t<div class=\"elementor-element elementor-element-9eca25a elementor-widget elementor-widget-heading\" data-id=\"9eca25a\" data-element_type=\"widget\" data-widget_type=\"heading.default\">\n\t\t\t\t<div class=\"elementor-widget-container\">\n\t\t\t<h2 class=\"elementor-heading-title elementor-size-default\">Ulteriori informazioni:<\/h2>\t\t<\/div>\n\t\t\t\t<\/div>\n\t\t\t\t<div class=\"elementor-element elementor-element-2875218 elementor-icon-list--layout-traditional elementor-list-item-link-full_width elementor-widget elementor-widget-icon-list\" data-id=\"2875218\" data-element_type=\"widget\" data-widget_type=\"icon-list.default\">\n\t\t\t\t<div class=\"elementor-widget-container\">\n\t\t\t\t\t<ul class=\"elementor-icon-list-items\">\n\t\t\t\t\t\t\t<li class=\"elementor-icon-list-item\">\n\t\t\t\t\t\t\t\t\t\t\t<a href=\"https:\/\/www.vs.ch\/de\/\" target=\"_blank\" rel=\"noopener\">\n\n\t\t\t\t\t\t\t\t\t\t\t\t<span class=\"elementor-icon-list-icon\">\n\t\t\t\t\t\t\t<i aria-hidden=\"true\" class=\"fas fa-chevron-right\"><\/i>\t\t\t\t\t\t<\/span>\n\t\t\t\t\t\t\t\t\t\t<span class=\"elementor-icon-list-text\">Cantone Vallese<\/span>\n\t\t\t\t\t\t\t\t\t\t\t<\/a>\n\t\t\t\t\t\t\t\t\t<\/li>\n\t\t\t\t\t\t\t\t<li class=\"elementor-icon-list-item\">\n\t\t\t\t\t\t\t\t\t\t\t<a href=\"https:\/\/www.rw-oberwallis.ch\/\" target=\"_blank\" rel=\"noopener\">\n\n\t\t\t\t\t\t\t\t\t\t\t\t<span class=\"elementor-icon-list-icon\">\n\t\t\t\t\t\t\t<i aria-hidden=\"true\" class=\"fas fa-chevron-right\"><\/i>\t\t\t\t\t\t<\/span>\n\t\t\t\t\t\t\t\t\t\t<span class=\"elementor-icon-list-text\">RW Oberwallis<\/span>\n\t\t\t\t\t\t\t\t\t\t\t<\/a>\n\t\t\t\t\t\t\t\t\t<\/li>\n\t\t\t\t\t\t\t\t<li class=\"elementor-icon-list-item\">\n\t\t\t\t\t\t\t\t\t\t\t<a href=\"https:\/\/www.goms.ch\/\" target=\"_blank\" rel=\"noopener\">\n\n\t\t\t\t\t\t\t\t\t\t\t\t<span class=\"elementor-icon-list-icon\">\n\t\t\t\t\t\t\t<i aria-hidden=\"true\" class=\"fas fa-chevron-right\"><\/i>\t\t\t\t\t\t<\/span>\n\t\t\t\t\t\t\t\t\t\t<span class=\"elementor-icon-list-text\">Obergoms Tourimus<\/span>\n\t\t\t\t\t\t\t\t\t\t\t<\/a>\n\t\t\t\t\t\t\t\t\t<\/li>\n\t\t\t\t\t\t\t\t<li class=\"elementor-icon-list-item\">\n\t\t\t\t\t\t\t\t\t\t\t<a href=\"https:\/\/www.landschaftspark-binntal.ch\/\" target=\"_blank\" rel=\"noopener\">\n\n\t\t\t\t\t\t\t\t\t\t\t\t<span class=\"elementor-icon-list-icon\">\n\t\t\t\t\t\t\t<i aria-hidden=\"true\" class=\"fas fa-chevron-right\"><\/i>\t\t\t\t\t\t<\/span>\n\t\t\t\t\t\t\t\t\t\t<span class=\"elementor-icon-list-text\">Landschaftspark Binntal<\/span>\n\t\t\t\t\t\t\t\t\t\t\t<\/a>\n\t\t\t\t\t\t\t\t\t<\/li>\n\t\t\t\t\t\t\t\t<li class=\"elementor-icon-list-item\">\n\t\t\t\t\t\t\t\t\t\t\t<a href=\"https:\/\/www.aletscharena.ch\/\" target=\"_blank\" rel=\"noopener\">\n\n\t\t\t\t\t\t\t\t\t\t\t\t<span class=\"elementor-icon-list-icon\">\n\t\t\t\t\t\t\t<i aria-hidden=\"true\" class=\"fas fa-chevron-right\"><\/i>\t\t\t\t\t\t<\/span>\n\t\t\t\t\t\t\t\t\t\t<span class=\"elementor-icon-list-text\">Aletsch Arena<\/span>\n\t\t\t\t\t\t\t\t\t\t\t<\/a>\n\t\t\t\t\t\t\t\t\t<\/li>\n\t\t\t\t\t\t\t\t<li class=\"elementor-icon-list-item\">\n\t\t\t\t\t\t\t\t\t\t\t<a href=\"https:\/\/www.bellwald.ch\/\" target=\"_blank\" rel=\"noopener\">\n\n\t\t\t\t\t\t\t\t\t\t\t\t<span class=\"elementor-icon-list-icon\">\n\t\t\t\t\t\t\t<i aria-hidden=\"true\" class=\"fas fa-chevron-right\"><\/i>\t\t\t\t\t\t<\/span>\n\t\t\t\t\t\t\t\t\t\t<span class=\"elementor-icon-list-text\">Bellwald Tourismus<\/span>\n\t\t\t\t\t\t\t\t\t\t\t<\/a>\n\t\t\t\t\t\t\t\t\t<\/li>\n\t\t\t\t\t\t<\/ul>\n\t\t\t\t<\/div>\n\t\t\t\t<\/div>\n\t\t\t\t\t<\/div>\n\t\t<\/div>\n\t\t\t\t\t\t\t<\/div>\n\t\t<\/section>\n\t\t\t\t\t\t\t<\/div>\n\t\t","protected":false},"excerpt":{"rendered":"<p>Goms Confrontando la superficie di 650 km2 e la popolazione di sole 4&#8217;800 persone, il Goms risulta essere molto grande. Tuttavia, gran parte del territorio \u00e8 occupata da montagne, ghiacciai (tra gli altri quello dell&#8217;Aletsch, il pi\u00f9 lungo delle Alpi) e altre superfici non produttive. Nella valle principale plasmata dal ghiacciaio del Rodano si trova [&hellip;]<\/p>\n","protected":false},"author":1,"featured_media":0,"parent":1553,"menu_order":7,"comment_status":"closed","ping_status":"closed","template":"","meta":{"footnotes":""},"class_list":["post-1562","page","type-page","status-publish","hentry"],"acf":[],"_links":{"self":[{"href":"https:\/\/gottardo.ch\/it\/wp-json\/wp\/v2\/pages\/1562","targetHints":{"allow":["GET"]}}],"collection":[{"href":"https:\/\/gottardo.ch\/it\/wp-json\/wp\/v2\/pages"}],"about":[{"href":"https:\/\/gottardo.ch\/it\/wp-json\/wp\/v2\/types\/page"}],"author":[{"embeddable":true,"href":"https:\/\/gottardo.ch\/it\/wp-json\/wp\/v2\/users\/1"}],"replies":[{"embeddable":true,"href":"https:\/\/gottardo.ch\/it\/wp-json\/wp\/v2\/comments?post=1562"}],"version-history":[{"count":10,"href":"https:\/\/gottardo.ch\/it\/wp-json\/wp\/v2\/pages\/1562\/revisions"}],"predecessor-version":[{"id":2704,"href":"https:\/\/gottardo.ch\/it\/wp-json\/wp\/v2\/pages\/1562\/revisions\/2704"}],"up":[{"embeddable":true,"href":"https:\/\/gottardo.ch\/it\/wp-json\/wp\/v2\/pages\/1553"}],"wp:attachment":[{"href":"https:\/\/gottardo.ch\/it\/wp-json\/wp\/v2\/media?parent=1562"}],"curies":[{"name":"wp","href":"https:\/\/api.w.org\/{rel}","templated":true}]}}

<div data-elementor-type="wp-page" data-elementor-id="1562" class="elementor elementor-1562 elementor-94" data-elementor-post-type="page">
									<section class="elementor-section elementor-top-section elementor-element elementor-element-927e88b elementor-section-boxed elementor-section-height-default elementor-section-height-default" data-id="927e88b" data-element_type="section" data-settings="{&quot;background_background&quot;:&quot;classic&quot;}">
						<div class="elementor-container elementor-column-gap-default">
					<div class="elementor-column elementor-col-50 elementor-top-column elementor-element elementor-element-6184e32" data-id="6184e32" data-element_type="column">
			<div class="elementor-widget-wrap elementor-element-populated">
								<div class="elementor-element elementor-element-3140a6f elementor-widget elementor-widget-heading" data-id="3140a6f" data-element_type="widget" data-widget_type="heading.default">
				<div class="elementor-widget-container">
			<h1 class="elementor-heading-title elementor-size-default">Goms</h1>		</div>
				</div>
				<div class="elementor-element elementor-element-5ef56db elementor-widget elementor-widget-text-editor" data-id="5ef56db" data-element_type="widget" data-widget_type="text-editor.default">
				<div class="elementor-widget-container">
							<p>Confrontando la superficie di 650 km<sup>2</sup> e la popolazione di sole 4&#8217;800 persone, il Goms risulta essere molto grande. Tuttavia, gran parte del territorio è occupata da montagne, ghiacciai (tra gli altri quello dell&#8217;Aletsch, il più lungo delle Alpi) e altre superfici non produttive. Nella valle principale plasmata dal ghiacciaio del Rodano si trova la maggior parte gli insediamenti e delle vie di comunicazione. La strada intercantonale che parte da Briga valica i passi alpini del Grimsel, della Furka e della Novena. Grazie alla galleria di base della Furka, dal 1982 la regione del Goms è collegata direttamente anche in inverno alla Svizzera centrale e nord-orientale (ad es Zurigo) con la Matterhorn Gotthard-Bahn. Delle numerose valli laterali, in parte molto scoscese, solo la valle di Binn e la valle di Fiesch sono abitate tutto l&#8217;anno. I villaggi si trovano a un&#8217;altitudine compresa tra i 1&#8217;000 (Grengiols) e i 1&#8217;600 metri sul mare (Bellwald).</p><p>La regione del Goms comprende 9 comuni politici indipendenti. Per via delle sue dimensioni e della posizione, nonché dell&#8217;importanza turistica, Fiesch è il centro della regione del Goms. Tra il 1980 e il 2000 la popolazione della regione del Goms è aumentata di oltre il dieci per cento. Tuttavia, da allora si constata un calo della popolazione.</p><p>Circa il 25 per cento dello popolazione è attivo nel settore dell&#8217;artigianato e dell&#8217;industria. Quasi il 65 per cento delle persone attive professionalmente oggi lavora nel settore dei servizi, ossia principalmente nel turismo. Meno del dieci per cento della popolazione lavora ancora oggi nell&#8217;economia agricola e forestale. </p><p>Negli ultimi 50 anni la regione del Goms ha vissuto un cambiamento radicale della struttura economica. Nel 1960 il 61 per cento delle persone attive professionalmente lavorava ancora nel settore agricolo. Contemporaneamente a questo cambiamento, nell&#8217;ultimo terzo del XX secolo nei settori secondario e terziario sono state registrate le quote di crescita dei posti di lavoro maggiori di tutte le regioni di montagna svizzere. Il motivo principale consiste nello sfruttamento più intenso del potenziale turistico della regione del Goms. L&#8217;importanza del turismo si riscontra anche nel numero di pernottamenti: ogni anno nella regione del Goms vengono registrati circa 1 milioni di pernottamenti. Ciò corrisponde a quasi il quindici per cento dei pernottamenti del Cantone del Vallese.</p>						</div>
				</div>
					</div>
		</div>
				<div class="elementor-column elementor-col-50 elementor-top-column elementor-element elementor-element-b2f280a" data-id="b2f280a" data-element_type="column">
			<div class="elementor-widget-wrap elementor-element-populated">
								<div class="elementor-element elementor-element-712f451 elementor-widget elementor-widget-image" data-id="712f451" data-element_type="widget" data-widget_type="image.default">
				<div class="elementor-widget-container">
															<img loading="lazy" decoding="async" width="500" height="637" src="https://gottardo.ch/wp-content/uploads/2022/03/san_gottardo_goms_icon.png" class="attachment-large size-large wp-image-2080" alt="" srcset="https://gottardo.ch/wp-content/uploads/2022/03/san_gottardo_goms_icon.png 500w, https://gottardo.ch/wp-content/uploads/2022/03/san_gottardo_goms_icon-235x300.png 235w" sizes="auto, (max-width: 500px) 100vw, 500px" />															</div>
				</div>
					</div>
		</div>
							</div>
		</section>
				<section class="elementor-section elementor-top-section elementor-element elementor-element-66d5d01 elementor-section-boxed elementor-section-height-default elementor-section-height-default" data-id="66d5d01" data-element_type="section">
						<div class="elementor-container elementor-column-gap-default">
					<div class="elementor-column elementor-col-100 elementor-top-column elementor-element elementor-element-f30a7af" data-id="f30a7af" data-element_type="column">
			<div class="elementor-widget-wrap elementor-element-populated">
								<div class="elementor-element elementor-element-9eca25a elementor-widget elementor-widget-heading" data-id="9eca25a" data-element_type="widget" data-widget_type="heading.default">
				<div class="elementor-widget-container">
			<h2 class="elementor-heading-title elementor-size-default">Ulteriori informazioni:</h2>		</div>
				</div>
				<div class="elementor-element elementor-element-2875218 elementor-icon-list--layout-traditional elementor-list-item-link-full_width elementor-widget elementor-widget-icon-list" data-id="2875218" data-element_type="widget" data-widget_type="icon-list.default">
				<div class="elementor-widget-container">
					<ul class="elementor-icon-list-items">
							<li class="elementor-icon-list-item">
											<a href="https://www.vs.ch/de/" target="_blank" rel="noopener">

												<span class="elementor-icon-list-icon">
							<i aria-hidden="true" class="fas fa-chevron-right"></i>						</span>
										<span class="elementor-icon-list-text">Cantone Vallese</span>
											</a>
									</li>
								<li class="elementor-icon-list-item">
											<a href="https://www.rw-oberwallis.ch/" target="_blank" rel="noopener">

												<span class="elementor-icon-list-icon">
							<i aria-hidden="true" class="fas fa-chevron-right"></i>						</span>
										<span class="elementor-icon-list-text">RW Oberwallis</span>
											</a>
									</li>
								<li class="elementor-icon-list-item">
											<a href="https://www.goms.ch/" target="_blank" rel="noopener">

												<span class="elementor-icon-list-icon">
							<i aria-hidden="true" class="fas fa-chevron-right"></i>						</span>
										<span class="elementor-icon-list-text">Obergoms Tourimus</span>
											</a>
									</li>
								<li class="elementor-icon-list-item">
											<a href="https://www.landschaftspark-binntal.ch/" target="_blank" rel="noopener">

												<span class="elementor-icon-list-icon">
							<i aria-hidden="true" class="fas fa-chevron-right"></i>						</span>
										<span class="elementor-icon-list-text">Landschaftspark Binntal</span>
											</a>
									</li>
								<li class="elementor-icon-list-item">
											<a href="https://www.aletscharena.ch/" target="_blank" rel="noopener">

												<span class="elementor-icon-list-icon">
							<i aria-hidden="true" class="fas fa-chevron-right"></i>						</span>
										<span class="elementor-icon-list-text">Aletsch Arena</span>
											</a>
									</li>
								<li class="elementor-icon-list-item">
											<a href="https://www.bellwald.ch/" target="_blank" rel="noopener">

												<span class="elementor-icon-list-icon">
							<i aria-hidden="true" class="fas fa-chevron-right"></i>						</span>
										<span class="elementor-icon-list-text">Bellwald Tourismus</span>
											</a>
									</li>
						</ul>
				</div>
				</div>
					</div>
		</div>
							</div>
		</section>
							</div>

<p>Goms Confrontando la superficie di 650 km2 e la popolazione di sole 4&#8217;800 persone, il Goms risulta essere molto grande. Tuttavia, gran parte del territorio è occupata da montagne, ghiacciai (tra gli altri quello dell&#8217;Aletsch, il più lungo delle Alpi) e altre superfici non produttive. Nella valle principale plasmata dal ghiacciaio del Rodano si trova [&hellip;]</p>
